omposite number?
False
Is 639057 prime?
False
Is 4198 composite?
True
Is 249241 prime?
False
Is 12777 a composite number?
True
Is 146051 prime?
True
Is 8311 prime?
True
Is 510803 a composite number?
False
Is 1921 prime?
False
Is 94821 a composite number?
True
Is 1376179 prime?
False
Is 11959 a composite number?
False
Is 1954 prime?
False
Is 7541 composite?
False
Is 7004039 composite?
True
Is 1227 prime?
False
Is 522569 composite?
False
Is 153707 composite?
True
Is 9091 composite?
False
Is 2199989 composite?
True
Is 180551 composite?
True
Is 5501 composite?
False
Is 300221 a composite number?
False
Is 140717 a prime number?
True
Is 9083 a composite number?
True
Is 1477565 a prime number?
False
Is 443083 a prime number?
False
Is 32491 prime?
True
Is 6719 a prime number?
True
Is 44755 a prime number?
False
Is 27791 a prime number?
True
Is 1337383 a composite number?
False
Is 475177 composite?
True
Is 118127 composite?
False
Is 107581 a prime number?
True
Is 275197 composite?
True
Is 19373 prime?
True
Is 3008417 composite?
False
Is 5837 prime?
False
Is 463839 a prime number?
False
Is 67351 composite?
True
Is 105863 composite?
False
Is 654839 prime?
True
Is 48349 a composite number?
True
Is 142021 a prime number?
False
Is 443 prime?
True
Is 31715 composite?
True
Is 1081 a composite number?
True
Is 98006 composite?
True
Is 5269 a prime number?
False
Is 199337 a prime number?
True
Is 15107 a prime number?
True
Is 7669 a prime number?
True
Is 1360309 prime?
True
Is 1895009 composite?
False
Is 768739 a prime number?
False
Is 35051 a composite number?
False
Is 7151 prime?
True
Is 5273 a composite number?
False
Is 262445 prime?
False
Is 30029 a composite number?
False
Is 16759 a prime number?
True
Is 5207 composite?
True
Is 429719 a prime number?
True
Is 13849 a prime number?
False
Is 1926395 composite?
True
Is 138157 a composite number?
False
Is 164471 prime?
True
Is 821705 a prime number?
False
Is 84299 composite?
False
Is 6403 a composite number?
True
Is 30769 a prime number?
False
Is 4922011 composite?
False
Is 5809 a prime number?
False
Is 221081 prime?
False
Is 97535 a prime number?
False
Is 21007 a prime number?
False
Is 3780281 a composite number?
False
Is 92181 prime?
False
Is 10249 prime?
False
Is 1622461 composite?
True
Is 13261 a composite number?
True
Is 1108831 composite?
True
Is 1481 prime?
True
Is 2076133 composite?
False
Is 2175179 a composite number?
True
Is 57053 prime?
False
Is 62623 a composite number?
True
Is 74561 prime?
True
Is 1477 a prime number?
False
Is 138286 composite?
True
Is 16017037 a composite number?
False
Is 118019 composite?
True
Is 487 a prime number?
True
Is 95987 composite?
False
Is 68127 composite?
True
Is 475603 prime?
False
Is 19385 a prime number?
False
Is 450557 composite?
False
Is 402631 composite?
False
Is 66437 prime?
False
Is 3557 prime?
True
Is 1243369 a prime number?
True
Is 8407 composite?
True
Is 41471 composite?
True
Is 38813 a composite number?
True
Is 175511 a prime number?
False
Is 12449 a prime number?
False
Is 2445643 composite?
True
Is 69847 composite?
False
Is 382727 a prime number?
True
Is 27929 composite?
True
Is 197014 a composite number?
True
Is 74491 composite?
True
Is 53121 composite?
True
Is 71479 a prime number?
True
Is 8809 a composite number?
True
Is 654443 a composite number?
True
Is 322501 a composite number?
False
Is 60833 prime?
False
Is 451859 a composite number?
False
Is 1459 prime?
True
Is 95431 prime?
False
Is 988241 a prime number?
False
Is 31859 composite?
False
Is 45215 composite?
True
Is 477163 prime?
True
Is 328121 a prime number?
True
Is 4534 a prime number?
False
Is 5501 composite?
False
Is 23053 a composite number?
False
Is 2723 a prime number?
False
Is 5585 a prime number?
False
Is 3027 prime?
False
Is 3671 prime?
True
Is 893 composite?
True
Is 406717 a prime number?
True
Is 7901 composite?
False
Is 148241 a composite number?
True
Is 2321 prime?
False
Is 108937 prime?
False
Is 6941 composite?
True
Is 164473 composite?
True
Is 1046141 composite?
True
Is 7347035 a prime number?
False
Is 142579 a composite number?
True
Is 239755 prime?
False
Is 1195 prime?
False
Is 98663 composite?
False
Is 115069 composite?
True
Is 19417 composite?
False
Is 104147 a composite number?
False
Is 21851 prime?
True
Is 628261 a composite number?
False
Is 35237 composite?
True
Is 220109 composite?
True
Is 35633 composite?
True
Is 2203 prime?
True
Is 51679 a prime number?
True
Is 25061 prime?
False
Is 3481 a prime number?
False
Is 168241 prime?
False
Is 53231 a composite number?
False
Is 999131 a composite number?
True
Is 4861 a composite number?
False
Is 231169 prime?
True
Is 200227 a prime number?
True
Is 376787 prime?
True
Is 54641 composite?
True
Is 31469 a composite number?
False
Is 33049 composite?
False
Is 63113 prime?
True
Is 354359 a prime number?
False
Is 20409 a prime number?
False
Is 129743 a composite number?
True
Is 507137 composite?
False
Is 37049 composite?
False
Is 109927 a prime number?
False
Is 9739 a prime number?
True
Is 526933 prime?
False
Is 171007 a prime number?
True
Is 1752689 prime?
False
Is 995 a composite number?
True
Is 2129 a prime number?
True
Is 5461 prime?
False
Is 6287 a prime number?
True
Is 40901 composite?
True
Is 2777 composite?
False
Is 223855 a composite number?
True
Is 31 prime?
True
Is 655637 composite?
False
Is 10391 a composite number?
False
Is 1117949 prime?
False
Is 8263 a composite number?
False
Is 2083693 composite?
False
Is 291233 a composite number?
True
Is 162209 prime?
True
Is 699073 prime?
True
Is 1249 a composite number?
False
Is 954121 a composite number?
True
Is 37331 a composite number?
True
Is 205 composite?
True
Is 187507 prime?
True
Is 7318 composite?
True
Is 430523 composite?
True
Is 2029223 composite?
True
Is 20419 a composite number?
True
Is 94513 prime?
True
Is 73977 a prime number?
False
Is 149027 a composite number?
False
Is 17057 a composite number?
True
Is 124385 a composite number?
True
Is 118511 a prime number?
False
Is 103801 a prime number?
True
Is 38629 prime?
True
Is 14221 a composite number?
False
Is 1243 a prime number?
False
Is 269761 composite?
False
Is 19567 prime?
False
Is 159899 a composite number?
False
Is 1261 composite?
True
Is 85139 a composite number?
True
Is 9791 a prime number?
True
Is 4827 a composite number?
True
Is 4174 composite?
True
Is 8623 prime?
True
Is 1206401 a composite number?
True
Is 8887 composite?
False
Is 1668053 prime?
True
Is 3079 composite?
False
Is 9151 prime?
True
Is 180341 a prime number?
False
Is 1777 a composite number?
False
Is 263113 composite?
True
Is 23601 a composite number?
True
Is 1505339 a prime number?
False
Is 260921 a composite number?
False
Is 4391 a composite number?
False
Is 374599 prime?
False
Is 22426 composite?
True
Is 5077 a prime number?
True
Is 278407 prime?
False
Is 456223 a composite number?
False
Is 13799 a prime number?
True
Is 43391 prime?
True
Is 20977 a composite number?
True
Is 68261 a composite number?
False
Is 91007 composite?
True
Is 73999 a composite number?
False
Is 4481 composite?
False
Is 6109 a prime number?
False
Is 44257 a composite number?
False
Is 1571021 prime?
False
Is 166351 a composite number?
False
Is 106091 a composite number?
True
Is 31883 prime?
True
Is 419407 a prime number?
False
Is 222533 a prime number?
True
Is 8623 prime?
True
Is 2674429 a prime number?
True
Is 5209 prime?
True
Is 15299 prime?
True
Is 8663 prime?
True
Is 153043 prime?
False
Is 212647 prime?
False
Is 7813 composite?
True
Is 13859 a prime number?
True
Is 217177 a composite number?
True
Is 1514451 a composite number?
True
Is 135389 a composite number?
False
Is 335981 composite?
True
Is 76569 composite?
True
Is 567373 composite?
True
Is 41257 prime?
True
Is 454934 prime?
False
Is 320567 a composite number?
True
Is 81509 a composite number?
False
Is 51631 composite?
False
Is 1639 prime?
False
Is 1985 a prime number?
False
Is 184157 prime?
True
Is 10133 composite?
False
Is 39197 a prime number?
False
Is 153193 a composite number?
True
Is 691 prime?
True
Is 606389 a prime number?
False
Is 541 a prime number?
True
Is 4024357 composite?
False
Is 7401 composite?
True
Is 485707 prime?
False
Is 609859 prime?
True
Is 2623 a prime number?
False
Is 1817 a prime number?
False